= 7685 - 7439. Suppose 42 = 4*g - 3*x, 2*x + 56 = -g + 6*g. Calculate the greatest common factor of k and g.
6
Let b = 61 - 59. Let f(t) = t - 1. Let q(o) = -3*o - 2. Let r(a) = 3*f(a) - q(a). Let l be r(b). Calculate the highest common factor of 55 and l.
11
Let h = -8630 - -8648. Calculate the highest common factor of 3510 and h.
18
Suppose 365 + 145 = 3*q. Suppose -135 = -173*d + q*d. What is the highest common factor of d and 9?
9
Let j(z) be the third derivative of -z**4/12 - z**3/2 - 490*z**2. Let f be (-1 + -3)/(-1)*-1. Let t be j(f). Calculate the highest common divisor of t and 45.
5
Let p = 1914 - 1906. Calculate the greatest common factor of 56 and p.
8
Let b(n) = n**2 - 10*n - 31. Suppose 4*x = 4*i - 8, -6*x + x - 26 = 3*i. Let y be b(x). What is the greatest common factor of y and 125?
25
Let l be 5/(-15) + 79/3. Let v(w) = -2*w**2 - 2*w + 20. Let b be v(0). Let m be ((-3510)/b)/(3/(-4)). Calculate the greatest common factor of l and m.
26
Let h(g) = -8*g**2 - 128*g - 243. Let o be h(-9). Let x = 8 - -10. Calculate the greatest common factor of o and x.
9
Let n(x) = 5*x - 23. Let q(p) = -3*p + 23. Let c(k) = -4*n(k) - 5*q(k). Let h be c(-5). Calculate the greatest common factor of 16 and h.
2
Suppose 30*t + 139*t - 468446 = -30*t. What is the greatest common divisor of t and 22?
22
Let w = -12089 + 13109. What is the greatest common divisor of w and 442?
34
Suppose 7*f = 427 + 462. Suppose 0 = -131*i + f*i, 0 = 5*w - 3*i - 20. Calculate the highest common divisor of w and 100.
4
Let w(h) = 34*h**2 + 12*h + 67. Let z be w(-7). Calculate the highest common divisor of 85 and z.
17
Suppose 5610 = 114*q - 84*q. What is the highest common divisor of q and 99?
11
Suppose -38*c - 16 = -60 - 184. What is the greatest common factor of c and 375?
3
Suppose 3*f + 4*y + 25 = 65, 0 = 2*f - 5*y + 4. What is the highest common factor of 488 and f?
8
Let a(z) = -3*z**2 + 12*z + 1. Let j be a(6). Let n = -5 - j. Calculate the greatest common divisor of 45 and n.
15
Let z be -20 - (-2190)/15 - -8. Calculate the highest common divisor of z and 22.
2
Let o be 4/5 + 1806/430. Let v be ((28/12)/7)/(o/1140). What is the greatest common divisor of 342 and v?
38
Let w be 396*5/(-6)*(156/(-15) + 10). Calculate the highest common factor of w and 492.
12
Suppose 2*p + 4*a = 0, -2*a = -3*p - 3*a. Suppose 20*g - 29 - 71 = p. What is the greatest common factor of g and 90?
5
Suppose 0*x + x + 13 = 0. Let c = -11 - x. Let i(u) = u**3 + 10*u**2 - u - 8. Let b be i(-10). Calculate the greatest common factor of b and c.
2
Let r be (27 - 15)*13/3. Let b be (390/18)/(3/9). Calculate the greatest common divisor of r and b.
13
Suppose 76 = -3*n + 4*n. Suppose 4*q = 27*d - 32*d + 147, 0 = -3*d - 3. What is the highest common divisor of q and n?
38
Suppose -22 + 2 = -5*k. Suppose 0 = k*h + 4*c - 8, -2*h = c + 2*c - 3. Suppose -x + 11 = -h. What is the greatest common factor of 350 and x?
14
Let u be 0 + -2 + -4 + 174. Let a = 343 - u. Calculate the greatest common factor of 35 and a.
35
Let a(w) = 1708*w - 2676. Let s be a(12). What is the greatest common divisor of 880 and s?
220
Suppose n = -4*i + 514, i + n = -0*i + 130. Suppose 5*c + 63 = i. Let h = c - -9. What is the greatest common divisor of h and 110?
22
Let v be 61 + 2/(3/3 + -3). Let a = -54 + v. Let s be ((-8)/a)/(-2) + (-56)/(-42). Calculate the greatest common factor of s and 1.
1
Let w = 435 - -197. Let r(g) = 9*g**2 - 9*g + 8. Let d be r(1). Calculate the highest common divisor of w and d.
8
Suppose t + 441 = -4*d, -3*t - 354 = 4*d + 97. Let b = d - -214. Calculate the highest common divisor of b and 45.
15
Suppose -7*p + 948 - 535 = 0. Suppose 2*j + 4*l + p = 5*j, -3*l + 45 = 3*j. Let t = -22 + 39. Calculate the highest common factor of t and j.
17
Let d be (-1 - 2706/(-8))*25/((-350)/(-56)). What is the highest common divisor of 171 and d?
19
Let c = -133 + 136. Suppose -4*t = -5*h + 16 + 24, 3*t = -c*h + 51. Calculate the highest common divisor of h and 96.
12
Suppose -4*k - t = -4645, 16*k - 18*k + 2315 = -t. Suppose k = -7*l + 4562. What is the greatest common factor of 54 and l?
54
Let y(p) = -2*p**2 - 46*p + 39. Let n be y(-23). What is the greatest common factor of n and 39?
39
Suppose c = 5*c - 16. Suppose -3*m + 60 = -p, 2*m - 592*p = -588*p + 60. Calculate the greatest common factor of c and m.
2
Suppose -3*g - 8 = -2. Let h be ((-4)/6)/(g/(-33)). Let o = h - -34. What is the greatest common factor of o and 253?
23
Let u be 691880/(-1059)*(87/(-60) + (-2)/(-8)). What is the highest common divisor of u and 1008?
112
Suppose -3*i + 5*i = 84. Let z be (-176)/110*(-31 - -1)*1. Suppose -z*x + 448 = -40*x. Calculate the greatest common divisor of x and i.
14
Suppose 8*w - 11*w - 4 = 4*v, 5*w + 5*v = 0. Suppose 0 = -5*h + 25, 11 = 3*b - w*h + 2*h. Calculate the highest common factor of b and 1.
1
Let d(x) = -36*x - 16. Suppose 3 = -7*v + 4*v. Let o be (8 + -20)*v/(-3). Let b be d(o). What is the highest common factor of 16 and b?
16
Let o(x) = -3*x - 30. Let y be o(-9). Let q = 7 + y. Suppose -35 = -q*i + 29. Calculate the greatest common divisor of 16 and i.
16
Let h = -141 - -147. Suppose g = -h*g + 665. What is the highest common divisor of 19 and g?
19
Let h = 641 - -383. Let x be (-98)/(-441) - h/(-9). Calculate the highest common divisor of x and 95.
19
Let b be (75/(-10))/(12/32). Let q be (b/15)/((-4)/6) + 117. Calculate the highest common divisor of q and 17.
17
Let x(g) = -g**3 + 22*g**2 + 51*g - 18. Let y be x(24). Let k(q) = 2*q + 5. Let i be k(9). Let d = i + -17. Calculate the highest common divisor of y and d.
6
Suppose -59*s + 352 + 214 = 153. What is the highest common factor of 987 and s?
7
Suppose -5*c + 53 = -3*i, 0 = -4*c + 8*i - 5*i + 43. Suppose t = -y + 236, -6*y + t - 950 = -c*y. Calculate the highest common factor of 28 and y.
14
Let f(s) = s**3 + 11*s**2 - 32*s - 24. Let n be f(-13). Calculate the highest common divisor of n and 3429.
27
Let w be -3*460/(20/5)*-1. Suppose -22*u + 20*u + 342 = 2*j, -w = -2*j + u. Calculate the highest common factor of 602 and j.
86
Let m(t) = 4*t**3 - t**2 - 7*t + 5. Let o be m(3). Let z = o - 78. Let b = 12 - 7. What is the highest common divisor of z and b?
5
Suppose 5*g + 10 = 0, 3*a - 9*g - 394 = -4*g. Let h = 78 - 70. What is the highest common factor of h and a?
8
Suppose -47*i + 73876 + 40018 = 120*i. What is the greatest common factor of i and 496?
62
Let j(h) = 105*h - 49. Let m be j(1). Calculate the greatest common factor of m and 1897.
7
Let h be -7*((-60)/(-42))/5. Let u be (160 - -1)/(-1 - h). What is the greatest common factor of 23 and u?
23
Let r be 5/2*(-6576)/(-20). Let c = r - 437. Calculate the greatest common divisor of 154 and c.
77
Let k = -1715 - -929. Let r = -462 - k. What is the greatest common factor of 36 and r?
36
Suppose -544*i + 2473 = -74*i - 18677. Calculate the highest common divisor of i and 535.
5
Suppose -3*u = -12 - 0. Suppose 25 + 23 = u*w. Suppose -3*c - 3*h + 29 = -h, 3*h = w. Calculate the greatest common factor of c and 35.
7
Let r be (8535/(-20))/((-3)/12) + -3. What is the highest common divisor of 71 and r?
71
Suppose 5*b + 4 + 2 = 2*v, 0 = -2*b. Suppose -24 = a + s - v*s, 3*s - 6 = 0. Let l = a - -26. Calculate the highest common factor of l and 66.
6
Suppose v = 188 - 163. Suppose 9*m - 1326 = -v*m. What is the highest common factor of m and 143?
13
Let x(o) = 170*o + 467. Let k be x(35). What is the greatest common factor of 621 and k?
207
Let k(c) = -9*c + 41. Let o be k(4). Let j be 680*(22/o + -4). Calculate the greatest common divisor of j and 16.
16
Let w = 3484 - 3359. Let j = -22 + 72. Calculate the greatest common factor of j and w.
25
Suppose 166*q + 57*q = 63*q + 213120. Calculate the greatest common factor of q and 28.
4
Let d be (-473)/(-33) - -2*(-5)/(-6). Let q be 6*(-679)/(-105) - d/20. What is the greatest common factor of 722 and q?
38
Let w(b) = -121*b + 1406. Let z be w(11). What is the highest common divisor of z and 3?
3
Let s be ((-175)/(-20) - 9) + (-4329)/(-36). Calculate the greatest common factor of 1944 and s.
24
Suppose 0 = 47*t - 2712 - 3004 + 1815. What is the highest common factor of t and 29?
1
Let h be 3 - (-7314 - 14 - -21). Calculate the highest common f